ae3cc
Convert 14024124 (base 5) to base 4.
202301032
231330423 (base 5) to base 2
11111110100010110101
-220322211 (base 4) to base 8
-507245
-11001110101111111101 (base 2) to base 9
-1530578
7884063 (base 9) to base 8
20150604
Convert 2021244 (base 5) to base 4.
13332323
1102301240 (base 5) to base 8
11061272
300224440 (base 5) to base 9
2187575
Convert 4106534 (base 7) to base 15.
9a18b
10001110101100110000 (base 2) to base 14
11301a
-1800604 (base 10) to base 5
-430104404
Convert 286793 (base 10) to base 7.
2303063
-1401317 (base 8) to base 2
-1100000001011001111
Convert 832363 (base 10) to base 8.
3131553
Convert -101001020012 (base 3) to base 8.
-602136
Convert 628286 (base 11) to base 5.
224202242
What is 11220013 (base 6) in base 8?
1241251
What is 1a4b57 (base 13) in base 4?
2202333212
What is -1000010100111111101 (base 2) in base 3?
-111212100011
Convert 2341033 (base 5) to base 3.
2012100112
Convert -1111111021001 (base 3) to base 2.
-11000010100100111011
What is -1100011010111000001100 (base 2) in base 7?
-36450121
Convert 2515212 (base 6) to base 12.
65b08
What is 1665d2 (base 14) in base 11?
497549
Convert 10011120303 (base 5) to base 13.
20748b0
Convert -665762 (base 8) to base 10.
-224242
What is -3143156 (base 7) in base 3?
-201022220202
Convert 15104110 (base 7) to base 5.
331230043
-15030 (base 12) to base 7
-151515
Convert -a3ae2 (base 15) to base 10.
-518837
Convert 46ddae (base 15) to base 12.
1174932
Convert -689332 (base 10) to base 13.
-1b19b7
Convert -d21db3 (base 15) to base 8.
-46043311
21231001 (base 4) to base 7
223606
Convert 6215717 (base 10) to base 9.
12623322
Convert -21324143 (base 7) to base 4.
-12330223202
376706 (base 10) to base 9
633662
cb548 (base 13) to base 12
158a24
101111101000011110 (base 2) to base 3
100220122000
What is -15dc5 (base 15) in base 16?
-113d2
What is -1553d1 (base 16) in base 4?
-11111033101
2400102222 (base 5) to base 2
10100110111111110111011
Convert -1502085 (base 10) to base 15.
-1ea0e0
-15403123 (base 6) to base 12
-2234a3
What is -21201110221 (base 3) in base 8?
-450655
Convert -5132250 (base 6) to base 16.
-3bee6
What is -7e8f5 (base 16) in base 8?
-1764365
What is -32997 (base 12) in base 10?
-67075
2150067 (base 8) to base 9
1070267
Convert 3a45d0 (base 15) to base 16.
2ab65b
1100001000101111111 (base 2) to base 6
12305103
164254 (base 7) to base 6
411254
What is -6777846 (base 11) in base 9?
-24300853
Convert -30642 (base 7) to base 11.
-5723
What is 11023021211 (base 4) in base 13?
3864c8
Convert 332211535 (base 6) to base 9.
12237615
Convert -120011010102000 (base 3) to base 2.
-11110101110000001011111
Convert 222053 (base 11) to base 3.
122222201222
-5eac60 (base 16) to base 10
-6204512
4a47fb (base 16) to base 6
252201243
What is -776324 (base 8) in base 3?
-111021110222
-4693b8 (base 13) to base 16
-1996a9
-10005345 (base 6) to base 10
-281153
What is 743838 (base 9) in base 4?
1230001121
Convert 556367 (base 8) to base 12.
90707
Convert 1312391 (base 10) to base 5.
313444031
434014532 (base 6) to base 7
122564516
What is 200100021120012 (base 3) in base 12?
3321672
What is -595a9 (base 16) in base 15?
-73698
What is 2ac20c (base 14) in base 7?
15456115
16000036 (base 7) to base 12
619134
What is -11022220111 (base 3) in base 16?
-14ce9
What is 1586a (base 14) in base 5?
3210143
-48692b (base 13) to base 12
-6b4294
Convert 325444350 (base 6) to base 4.
112120323222
30a94 (base 15) to base 8
455230
Convert 212105542 (base 6) to base 10.
3741542
-11011010010101101 (base 2) to base 16
-1b4ad
-491bb5 (base 13) to base 14
-336649
Convert 333233002 (base 4) to base 7.
2135050
Convert -90be5 (base 15) to base 9.
-767618
Convert -30130130130 (base 4) to base 11.
-1928a6a
-655896 (base 13) to base 10
-2383023
2615266 (base 8) to base 3
1100222021010
What is -162630 (base 13) in base 14?
-103a66
Convert -418253 (base 10) to base 6.
-12544205
6deafc (base 16) to base 11
408017a
-1110010101001111100110 (base 2) to base 16
-3953e6
What is 180004 (base 12) in base 11?
263652
Convert 10011101011000011011 (base 2) to base 5.
131112020
Convert 22032302 (base 5) to base 7.
1420032
24402454 (base 6) to base 9
1415447
Convert 21200012211212 (base 3) to base 4.
33203300303
425c7a (base 14) to base 4
20203323110
Convert 85ca1 (base 14) to base 2.
1001110111111010101
Convert 2143253 (base 6) to base 10.
107025
What is 122225535 (base 6) in base 14?
453323
Convert 5183358 (base 9) to base 4.
22210210121
-2151309 (base 11) to base 5
-1431412311
Convert -565b1 (base 16) to base 15.
-6ec0d
883166 (base 11) to base 5
330102342
What is 7ca1 (base 14) in base 15?
666b
1533001 (base 7) to base 6
4255501
Convert 300133323 (base 5) to base 7.
13002321
What is -22005005 (base 6) in base 10?
-654269
What is -101010001100100 (base 2) in base 13?
-9aab
b771c (base 14) to base 9
744834
Convert 12212241102 (base 5) to base 9.
30368176
213001143 (base 5) to base 7
10463430
What is -334505 (base 6) in base 14?
-a42d
Convert 22ca52 (base 16) to base 6.
120511350
Convert -1001121121 (base 3) to base 6.
-240324
What is 404103 (base 5) in base 4?
3023210
-b16d09 (base 14) to base 10
-5973501
Convert -3253576 (base 8) to base 13.
-247c9c
What is -5483342 (base 10) in base 9?
-11276652
Convert 370555 (base 8) to base 6.
2421313
Convert -4a6aa74 (base 11) to base 8.
-41441741
Convert -3743317 (base 8) to base 5.
-231041220
-203000 (base 5) to base 7
-25213
What is 424b3 (base 15) in base 3?
101200111120
13525532 (base 6) to base 9
774572
Convert -8b06 (base 12) to base 8.
-36066
What is -24590 (base 13) in base 10?
-66872
What is 1010011101100011110010 (base 2) in base 15?
3928e4
What is 2099aa9 (base 13) in base 6?
552514421
385354 (base 11) to base 5
123413413
-22434531 (base 6) to base 16
-a8457
What is -9701352 (base 10) in base 8?
-45003750
What is -9e9160 (base 15) in base 11?
-4303357
Convert c9a047 (base 13) to base 11.
2744197
What is -5364006 (base 9) in base 14?
-54c4a4
Convert -326813 (base 9) to base 16.
-2fae7
What is -11022121021 (base 3) in base 8?
-246013
What is -14eac0 (base 16) in base 11?
-856a07
Convert -12013220 (base 5) to base 10.
-110435
What is -440410041 (base 5) in base 7?
-22022541
What is -111010001011110110010101 (base 2) in base 15?
-1514590
Convert -201172 (base 10) to base 7.
-1465336
-215053401 (base 6) to base 16
-3b3329
What is 18c458 (base 14) in base 8?
3264536
What is 35742 (base 14) in base 13?
47478
What is -83093 (base 11) in base 6?
-2333115
Convert 1040241022 (base 5) to base 15.
2edde2
Convert -22021011022 (base 3) to base 11.
-101254
302bc (base 13) to base 5
10224201
Convert -8a872 (base 15) to base 13.
-125759
What is 100001000000110011000 (base 2) in base 6?
35104040
What is 2b46 (base 12) in base 7?
20565
What is -11767 (base 8) in base 3?
-21000022
-21402 (base 7) to base 10
-5343
What is 23003203 (base 5) in base 16?
31b21
-1100111100010000 (base 2) to base 15
-10a8d
What is -10320322 (base 5) in base 6?
-1523141
What is 80e4b (base 15) in base 12?
1782a5
-4aa26 (base 11) to base 12
-36388
Convert 2035391 (base 10) to base 14.
3ada91
-321223301 (base 4) to base 7
-2002562
1000111100000011010111 (base 2) to base 14
44dca3
What is -31202030200 (base 4) in base 5?
-1402013221
What is 107a73 (base 12) in base 13?
925cb
What is -300578 (base 9) in base 2?
-101011010111010111
1051591 (base 10) to base 2
100000000101111000111
3575c (base 15) to base 13
5c748
Convert -72d284 (base 15) to base 14.
-a223c8
Convert -772360 (base 9) to base 12.
-1a2969
Convert f68f6a (base 16) to base 3.
1010101221101120
32561315 (base 7) to base 12
b33232
6d300e (base 16) to base 10
7155726
10286a6 (base 11) to base 6
102502233
What is -5056656 (base 7) in base 12?
-250903
What is -106de1 (base 15) in base 2?
-10111111000110101001
What is -132433 (base 9) in base 16?
-13aa0
Convert -14605042 (base 7) to base 5.
-324143401
Convert 74093 (base 12) to base 10.
152175
Convert -1111111111111001110100 (base 2) to base 13.
-b3ac04
What is 1ada2 (base 16) in base 11?
756a8
What is -10110110101101001101000 (base 2) in base 3?
-102021011111210
Convert 1b3a274 (base 12) to base 6.
324213424
Convert -740d5 (base 16) to base 12.
-1ab105
192441 (base 11) to base 8
1102113
Convert -45512 (base 12) to 